ed by 33?
30
Let c = -10 + 31. Calculate the remainder when 41 is divided by c.
20
Suppose 2*b - 4*v = 154, -4*b - 3*v = v - 272. Let j = -54 + b. What is the remainder when j is divided by 5?
2
Suppose -17*t + 114 = -328. What is the remainder when 121 is divided by t?
17
Let l be (2/(-4))/((-13)/260). Let a(k) = 5*k + 1. Let j(w) = w**2 - 9*w - 9. What is the remainder when a(l) is divided by j(11)?
12
Let h(a) be the second derivative of a**3/2 - 3*a**2 + 5*a. Calculate the remainder when 35 is divided by h(5).
8
Let n = 911 - 814. What is the remainder when n is divided by 15?
7
Let s = -479 + 715. Calculate the remainder when s is divided by 14.
12
Let z(p) = p**3 - 6*p**2 + 4. Let j be z(6). Suppose -18 = -j*f + 10. Calculate the remainder when 24 is divided by f.
3
Suppose 39*y + 40 = 1483. What is the remainder when 243 is divided by y?
21
What is the remainder when 2/(-3)*(-21)/2 is divided by 4/(-6)*(-171)/38?
1
Suppose -334 = -5*j - 224. What is the remainder when 351 is divided by j?
21
Calculate the remainder when (15895/748)/(-1 + 5/4) is divided by 53.
32
Let x = -35 - -1088. Calculate the remainder when x is divided by 12.
9
Suppose 59*p = 56*p - 339. Let o = 151 + p. What is the remainder when o is divided by 13?
12
Calculate the remainder when 11 is divided by (16 - 0/1)/(12 + -10).
3
Suppose 0 = -3*a - 4*q - 5, q - 4 + 3 = 0. What is the remainder when 7 is divided by 5 - 18/(-24) - a/(-4)?
2
Let f(l) = 2*l - 4. Let q(x) = x + 1. Let d be q(1). Let c be f(d). Suppose c = -2*g + 18 - 14. Calculate the remainder when 6 is divided by g.
0
Let u be (3 + (4 - 22))*3/(-9). Suppose -5*v - 55 = -u*x - 10, -5 = -5*v. What is the remainder when x is divided by 3?
1
Suppose -1121 = -9*j - 10*j. Calculate the remainder when j is divided by 4.
3
Suppose 2*s = 4*z - s + 15, -25 = -3*z - 5*s. Suppose z = -12*l + 8*l + 172. What is the remainder when 214 is divided by l?
42
Suppose 2*a = -3*a + 325. Let d = 44 - 13. Let s = -14 + d. What is the remainder when a is divided by s?
14
Let t = 13 + -8. Suppose -t*o - 15 = -180. Let h = o - 13. What is the remainder when 78 is divided by h?
18
Suppose -2*s + 9 = -1. Suppose -s*j + 3*g = -104, 2*j + j - 54 = -g. Let c = j - 9. Calculate the remainder when 16 is divided by c.
6
Calculate the remainder when (-87 + 5)*1/(-2) is divided by 21.
20
Suppose 0 = -3*i + 4*v + 163, 2*i + 3*v - 191 = -54. Let k(c) = c + 13. Let j be k(0). Suppose w - j = -0*w. Calculate the remainder when i is divided by w.
9
Suppose 0 = 5*p - 3*q - 86, 0*p - 5*q = -4*p + 61. Suppose 0 = 15*g - 12*g - 3. Calculate the remainder when 36 + (-3)/3 + g is divided by p.
17
Calculate the remainder when (-3)/(-2) + 2124/72 is divided by 20.
11
Let v be (-6)/(8/(-9)*(-18)/(-24)). Suppose v*w - 23 = 8*w. Calculate the remainder when w is divided by 5.
3
Let z(s) = -s**3 + 3*s**2 - 4*s - 4. Let g be z(4). Calculate the remainder when 93 is divided by g*5/((-15)/2).
21
Let o(n) = 63*n - 122. Calculate the remainder when 262 is divided by o(3).
61
Suppose 17*p - 30*p = -2054. Calculate the remainder when p is divided by 40.
38
Suppose -r + 27 + 53 = 0. Calculate the remainder when (r/24)/(6/45) is divided by 7.
4
Suppose -2*b + 2*w + 3 = 3*w, 3*b + 3 = w. Suppose -5*q + 85 = -b*q. Calculate the remainder when ((-97)/(-3) - -1)/((-174)/(-261)) is divided by q.
16
Suppose -3*l + 79 = 2*d, 4*d - 30 = -3*l + 41. What is the remainder when l is divided by 18?
11
Let w be 7/(-2)*(-60)/35. Let d = w - -3. Suppose -y + d = -2. Calculate the remainder when y is divided by 4.
3
Let d be (-3 + 1)/((-11)/(-110)). Let h = -7 - d. Calculate the remainder when 9/(-15) - (-615)/25 is divided by h.
11
Suppose -2*p + 17 = -5*r, -p + r + 4 = -0. Calculate the remainder when 150 is divided by p/2 - 707/(-14).
48
Let k = -68 + 180. Calculate the remainder when k is divided by 29.
25
Let m = -19 - -13. Let v(p) = -15*p - 9. Calculate the remainder when v(m) is divided by ((-60)/(-80))/(5/140).
18
Suppose 0 = 28*y - 19*y - 432. Let l be (-3)/2*(-44)/(-3). Let z = l - -39. What is the remainder when y is divided by z?
14
Let p(r) = -r**3 - 3*r**2 + r + 6. Let n be p(-3). Suppose 123 = 4*j - 0*f - n*f, 4*f = 2*j - 74. Calculate the remainder when j is divided by 7.
6
Calculate the remainder when (61/8)/(60/480) is divided by 10.
1
Let n(z) = 7*z - 34. Let k = 98 + -175. Let y = -47 - k. What is the remainder when y is divided by n(6)?
6
What is the remainder when 22 is divided by (24/28)/((6/84)/1)?
10
Calculate the remainder when (1 - 6) + (-516)/(-12) is divided by 14.
10
Let s = 44 + -37. Suppose -s*k + 2*k + 70 = 0. Calculate the remainder when k is divided by 3.
2
Let q = 252 - 243. What is the remainder when 133 is divided by q?
7
Suppose 0 = 2*w - 3*b + 54, -3*w + 0*b = -2*b + 71. Let v be (3/1)/(w/(-28)). Suppose -v*s - 4 = -240. What is the remainder when s is divided by 20?
19
Let l(v) = v**2 - 12*v + 22. Let d be l(10). Suppose j + 2*x - 18 = 4*x, -d*j - x = -36. Calculate the remainder when 48 is divided by j.
12
Let q be (-7)/(-70)*-2 + (-11)/(-5). Suppose 4*i + 5*x - 296 = 17, -161 = -q*i - x. What is the remainder when i is divided by 29?
24
Let j = 224 + -195. Calculate the remainder when 231 is divided by j.
28
Suppose 1157 = 32*q + 325. Let w = 34 + 17. Calculate the remainder when w is divided by q.
25
Let g(q) = 12*q**2 + q - 1. Let m be g(-1). Let w = 16 - m. What is the remainder when w is divided by -3 + 7 + -1 - 0?
0
Let t be (-2)/(-6)*(0 - -3). Suppose 0 = 5*i - 5*y - 105, i = -4*y - t + 7. Calculate the remainder when 68 is divided by i.
14
Suppose 2*c = -2*c - 16, 2*r = 3*c + 56. Let d(z) = 11*z**2 - 4*z - 1. Let m be d(3). Suppose p - m = -p. Calculate the remainder when p is divided by r.
21
Let u be 490/(-4)*(-8)/10. Let z = -60 + u. Calculate the remainder when z is divided by 14.
10
Let d = -27 - -47. Let s = 2593 + -2558. Calculate the remainder when s is divided by d.
15
Let k(n) = 7*n**3 - n - 1. What is the remainder when 9 is divided by k(1)?
4
Suppose 4*n + 0*n + 2*m = 928, 3*m = 0. Suppose 0 = 2*g - 0*g - n. Calculate the remainder when g is divided by 39.
38
Let x(d) = -d**2 + 10*d + 9. Let m = 17 - 8. Calculate the remainder when -4*(1 - 0)*-13 is divided by x(m).
16
Let g = -648 + 847. What is the remainder when g is divided by 7?
3
Let j(i) = i**3 - 7*i**2 - 9*i + 9. Let a be j(7). Let y = 87 + a. Calculate the remainder when y is divided by 12.
9
Calculate the remainder when (4 + 1284/(-8))/((-5)/10) is divided by 35.
33
Let l be -5 + 10 + -3 - -7. Suppose 0 = -l*v + 3 + 24. Let j = -12 - -26. Calculate the remainder when j is divided by v.
2
Suppose 0*q + 3*q = -4*u - 158, -q - 52 = 2*u. Let a = -21 - q. What is the remainder when a is divided by (-4 - 12/3) + 14?
3
Let x(s) = -s**3 + 11*s**2 - 11*s - 4. Let l be x(10). Let h = -488 - -338. Calculate the remainder when 15 is divided by 4/l + h/(-35).
3
Suppose -17*v - 52 = -21*v. Let s(u) = -2*u. Calculate the remainder when v is divided by s(-4).
5
Let z(j) = j**3 + 5*j**2 - 3*j + 3. Let w be z(-4). Suppose -44 = -5*b + w. What is the remainder when 42 is divided by b?
12
Let n = -18 + 49. Suppose 4*h = -2*w - 164, 4*w - 11*h + 358 = -9*h. Let v = 104 + w. What is the remainder when n is divided by v?
15
Let c = -23 + 58. Let o = 68 - c. Calculate the remainder when 61 is divided by o.
28
Let u(r) = 6*r + 5. Let k be u(-5). Calculate the remainder when -1 + 0 - -59*(0 + 1) is divided by (-148)/(-5) + (-10)/k.
28
Let b = 6 + 21. Calculate the remainder when (-756)/84 - (-1 - 88) is divided by b.
26
Let r = -1482 - -1502. Let x(w) = 2*w**2 + 7*w - 7. What is the remainder when x(5) is divided by r?
18
Suppose -2 = -0*d + d + 2*g, 0 = 4*d + 4*g - 4. Let w be 38*(-3 - 1)/(-8). Suppose -d*b = -17 - w. What is the remainder when 25 is divided by b?
7
Let f(z) = z**3 + 7*z**2 + 5*z - 1. Let a be f(-5). Suppose 0 = -n + 3*u - u + a, 0 = -n + 5*u + 30. What is the remainder when 36 is divided by n?
16
Let t(n) = -n**2 - 10*n + 217. What is the remainder when t(-18) is divided by 39?
34
Suppose 5*h + 64 = -5*c - 16, 5*c = 4*h - 62. Let p(t) = -4*t + 5. What is the remainder when p(c) is divided by (-2)/(-4)*46 + -2?
19
Let k(u) = 20*u**2 + 4*u - u**3 - 11*u**2 + 3*u + 11